) is divided by 37.
34
Suppose 9*u - 6*u - 570 = 0. What is the remainder when u is divided by 32?
30
Suppose -d = 2*d + j - 29, -j - 1 = 0. Calculate the remainder when 39 is divided by d.
9
Suppose -3*d + 10 = -47. Calculate the remainder when 52 is divided by d.
14
Suppose -5*v = 26 + 89. Let u = v + 7. Let r = u - -32. What is the remainder when r is divided by 6?
4
Let r(m) = m**2 - 16*m + 37. What is the remainder when 220 is divided by r(16)?
35
Calculate the remainder when 13 is divided by 3/(-7) + (-310)/(-70).
1
Let t(v) = -v**3 + 5*v**2 + 4*v - 1. Suppose -2*j = -b - 3*j + 5, 0 = 3*j. Calculate the remainder when t(b) is divided by 7.
5
What is the remainder when 65 is divided by (-46)/8*(5 + -9)?
19
Let s = -11 + 45. Suppose 4*n - n = -12. Let u = s + n. Calculate the remainder when u is divided by 16.
14
Let y(g) = -g + 6 - 3 + 8 - 3. Suppose 5*i + 7 = 237. Calculate the remainder when i is divided by y(-8).
14
Let w(l) = -8*l**3 + l**2 - 1. Suppose 1 - 3 = -4*p + 3*n, 0 = -5*n - 10. What is the remainder when 14 is divided by w(p)?
6
Let z(l) = -l**2 - 22*l - 21. What is the remainder when z(-15) is divided by 29?
26
Suppose -5*g + 5*a - 450 + 1180 = 0, -a - 444 = -3*g. Calculate the remainder when g is divided by 50.
49
Suppose -u - 8 = -3. Let g(o) = -7*o**2 + 10*o**2 + 0 - o + 3*o**2 + 1 + o**3. What is the remainder when g(u) is divided by 8?
7
Let k = -12 - -21. Suppose k = -t + 1. Let l = t - -15. What is the remainder when l is divided by 4?
3
Let i = -2 + 9. What is the remainder when 10 + (-3 - -3) + 3 is divided by i?
6
Suppose -t = 4*q + t - 90, t + 55 = 3*q. What is the remainder when 38 is divided by q?
18
Let y = 9 - 6. Suppose 2*t + 44 = 2*h, -y*h + 7*h = -4*t + 48. Calculate the remainder when h is divided by 10.
7
Let s = 3 - -2. Suppose -2*j + 21 = 3*i, 2*i + 3*j = 8*j - s. Suppose -7*h + 56 = -3*h. Calculate the remainder when h is divided by i.
4
Let l be 3/((-9)/60) - 1. Let a = -10 - l. Calculate the remainder when 21 is divided by a.
10
Suppose -5*m - 3*f = -260, -3*m + 2*f = -92 - 45. Let k = m - 35. Calculate the remainder when 53 is divided by k.
11
Let s = -60 + 69. Calculate the remainder when 62 is divided by s.
8
Suppose s = 3*i - 48, -3*s = 4*i - 0*s - 77. What is the remainder when 48 is divided by i?
14
Let i = 5 + -15. Let f = 0 - i. What is the remainder when 28 is divided by f?
8
Let w(b) = 2*b + 5. Suppose -4*t = -5*t + 6. Calculate the remainder when w(5) is divided by t.
3
Let w(g) = 71*g**3 - g**2 + 4*g - 2. What is the remainder when w(1) is divided by 19?
15
Suppose -4*a + 65 = a. Calculate the remainder when 116 is divided by a.
12
Suppose 3*u + 0*u = 12. Suppose 5*d = u*x + 6, 4*x - 4*d = -4 - 0. What is the remainder when 1 is divided by x?
0
Suppose 5*x = u - 0*u - 34, -61 = -4*u + 5*x. Let k(s) = -s + 34. What is the remainder when k(0) is divided by u?
7
Let q = -1 - 0. Calculate the remainder when -1*(8 + q)*-1 is divided by (-484)/(-68) + -3 - (-10)/(-85).
3
Suppose -5*a + 4*d + 58 = -77, -d = -5. What is the remainder when 91 is divided by a?
29
Suppose -6*f = -4*f + q - 59, -2*q = -6. Calculate the remainder when f is divided by 15.
13
Let j = -53 - -75. Let a = j + -7. Let f = 93 + -50. Calculate the remainder when f is divided by a.
13
Let d = 4 + 2. Calculate the remainder when 52*3/d + 1 is divided by 15.
12
Let l = -3 + 0. Calculate the remainder when 41 is divided by 0*(l + 4) + 11.
8
Let z be 582/21 + 4/14. Suppose 0 = -3*s - 3*b + 18, 5*s + 3*b = -b + z. Suppose -s*t + 30 = -18. What is the remainder when t is divided by 7?
5
What is the remainder when 13 is divided by (-2)/(-10) - 170/(-25)?
6
Let w(t) = t**2 + 8. Suppose -3*c = 5*p - 11, -3*p - 2*p - 5*c = -5. Suppose -f = -p*f. What is the remainder when w(f) is divided by 5?
3
Suppose 14 = -2*i + 3*i. Suppose -5 + i = f. Calculate the remainder when 35 is divided by f.
8
Suppose 140 = 2*k - 0*k. What is the remainder when k is divided by 18?
16
Let a = 3 - 2. Let t be 0/(a + 0) + 58. Suppose 2*d + r - t = 4*r, -3*d = -3*r - 87. What is the remainder when d is divided by 10?
9
Suppose -n - 2*i - 2*i = -18, 6 = -n + 4*i. Suppose 5*q - 15 = -f, 0 = -q - 2*q + n. Calculate the remainder when f is divided by 2.
1
Let d(x) = -x + 3. Let a be d(-5). Suppose 2*z = 4*u - 116, -a*u + 3*u + 145 = -5*z. What is the remainder when u is divided by 10?
9
Let q = -7 + 13. Suppose -q*j + 4*j = -8. What is the remainder when 11 is divided by j?
3
Calculate the remainder when 55 is divided by 1/(-5) + 152/10.
10
Let w(n) = 7*n - 4. Let s be w(2). Suppose k - s = -k. What is the remainder when (-2)/1*9/(-2) is divided by k?
4
Let t(h) = h**2 + 6. Let j be t(-8). Suppose 0 = -0*l + 5*l - j. What is the remainder when l is divided by 8?
6
Let b = -4 - -5. Calculate the remainder when 20 is divided by b*3*(-66)/(-18).
9
Suppose -k = k - 10. Suppose 0 = -5*n + k*c + 47 + 53, 2*n + 2*c - 56 = 0. Let v = 2 + 11. What is the remainder when n is divided by v?
11
What is the remainder when 35 is divided by 328/18 - (-14)/(-63)?
17
Let p(g) = 30*g**2. Let o be p(-1). Suppose -6*y = -y - o. Calculate the remainder when 11 is divided by y.
5
Suppose 4*n = -0*n + 104. What is the remainder when (-2)/(-13) + 230/n is divided by 6?
3
Let v = -29 + 54. Calculate the remainder when ((-35)/v)/((-2)/10) is divided by 3.
1
Let f(z) = 4*z**3 - 2*z**2 + 3*z - 2. Calculate the remainder when 16 is divided by f(1).
1
Suppose -k - 2 - 2 = 0. Let q = k + 6. Suppose -a - q*a + 51 = 0. What is the remainder when 32 is divided by a?
15
Let w(o) = -35*o + 4. Calculate the remainder when w(-2) is divided by 15.
14
Let c = -24 + 26. Suppose 5*b + 2*i - 138 = i, -5*b + 136 = c*i. What is the remainder when 54 is divided by b?
26
Suppose -4*b + b = -42. Calculate the remainder when 41 is divided by b.
13
Suppose -5*b = -a - 11, -2*b + 5*b - 2 = -4*a. Suppose -b*c - l - 99 = 0, -4*c - 213 = 2*l - 3*l. Calculate the remainder when 18/(-12)*c/3 is divided by 9.
8
Let b = -9 - -5. Suppose 4*k + 3*g + 18 = 5*k, -k - 2 = g. What is the remainder when b/3*15/(-2) is divided by k?
1
Let c(i) = 2*i**2 - 5*i - 8. Calculate the remainder when c(-7) is divided by 21.
20
Suppose b = 2*j - 60, 0 = 4*j + 3*b - 153 + 33. What is the remainder when j is divided by 17?
13
Suppose -o + 38 = 4*k, 4*o - 89 = 3*k + 6. What is the remainder when 102 is divided by o?
24
Let g(u) = u - 10. Let p(a) = -5*a - 2. Let q be p(-3). Calculate the remainder when 9 is divided by g(q).
0
Let y(w) = 3*w**3 - 4*w**2 + 0*w**2 + 0*w**2 - 2*w**3 + 2 - 2*w. Calculate the remainder when y(5) is divided by 5.
2
Suppose 4*n + 18 = -4*c - 14, 0 = -5*c + 2*n - 5. What is the remainder when ((-3)/4)/(2/(-32)) is divided by (-34)/(-5) - c/15?
5
Let o(j) = -j**3 + 6*j**2 - 2*j + 8. Let k be o(6). Let z be 6/k + 3/(-2). Calculate the remainder when 16 is divided by 32/6 - 2/z.
4
Suppose 27 = 4*p - 3*p. Suppose 2*m + 3*m = 25, 3*w + 3*m = 60. What is the remainder when p is divided by w?
12
Let q(t) = 35*t - 227. Suppose 0 = -4*s - 11 + 51. Calculate the remainder when q(7) is divided by s.
8
Suppose 0 = 4*o + o + 60. Calculate the remainder when (-102)/(-4)*o/(-18) is divided by 9.
8
Let c(g) = 8 + 2*g - 5 - 3*g. What is the remainder when 17 is divided by c(-3)?
5
Suppose -1937 = -17*r - 611. Calculate the remainder when r is divided by 43.
35
Let n(y) = -7*y - 56. Calculate the remainder when 9 is divided by n(-9).
2
Let v = 5 + -3. Let d = 9 - v. Calculate the remainder when (-19)/((2/6)/(5/(-15))) is divided by d.
5
Suppose -41 = 4*v - 1. Let c(b) = b + 13. Let n(k) = -k**3 - 8*k**2 - 8*k - 3. Calculate the remainder when n(-7) is divided by c(v).
1
Suppose 3*c - 7 - 2 = 0. Suppose -3 = c*r - 15. What is the remainder when 10 is divided by r?
2
Let j = -3 + -7. Let h be 45/(-18)*12/j. Suppose 7*c - h*c - q = 199, 0 = 3*c + 3*q - 138. What is the remainder when c is divided by 17?
15
Calculate the remainder when (-12)/(-1)*(-154)/(-33) is divided by 19.
18
Let w = -29 - -56. Calculate the remainder when 106 is divided by w.
25
Let s = -208 + 308. Let d = s - 69. Calculate the remainder when d is divided by 17.
14
Suppose -2 = -o + 5*m, -2*m + 6*m - 39 = -5*o. Calculate the remainder when 19 is divided by o.
5
C